 Let y(n) = 7*n**3 - n**2 - n. What is y(t)?
-7
Let t(s) = 5*s + 0*s + 0*s**2 - 4 - s**2. Let w = -11 + 11. Suppose -4*f - 7 + 23 = w. What is t(f)?
0
Let y(b) = -10 + 44*b**2 - 24*b**2 - 19*b**2. Calculate y(0).
-10
Let r(s) = 3*s**2 + 3*s + 2. Suppose 3*f + 2*n + 16 = 0, 5*f + 3*n = -20 - 5. Give r(f).
8
Let x(t) = -5 + 1 + 16 - t. Determine x(8).
4
Let l(v) = 8 + 57*v + 59*v - 172*v + 57*v. Suppose -4*h - 7 + 4 = -3*n, -4*h + 5*n = 5. Give l(h).
8
Let z(g) be the second derivative of 1/360*g**6 + 0*g**2 - 1/3*g**3 + 0 - g - 1/12*g**4 + 1/120*g**5. Let w(x) be the second derivative of z(x). Calculate w(0).
-2
Let o(u) be the second derivative of u**4/12 - 5*u**3/3 + 2*u**2 + 44*u. Give o(9).
-5
Let u(k) = k**3 + 4*k**2 + 3*k. Let d = 3 + -5. Let q = d - 0. Determine u(q).
2
Let k(g) = g**2 - g + 2. Let d = -67 + 67. Calculate k(d).
2
Let i(c) = -2*c**3 + 5*c**2 + 4*c - 5. Let u(z) = 2*z**3 - 4*z**2 - 3*z + 4. Let y(s) = -4*i(s) - 5*u(s). Calculate y(-1).
3
Let d(y) = 3*y**2 + 5*y - 3. Let b(v) = -4*v**2 - 5*v + 3. Let w(z) = 2*b(z) + 3*d(z). What is w(-5)?
-3
Let o = -2 + 4. Let a be 121/o - (-1)/(-2). Let q be 8/(-28) + a/14. Let v(u) = -u**2 + 6*u - 2. Calculate v(q).
6
Let c(m) = 865 + 4*m + 863 - 2*m**2 - 1727. What is c(3)?
-5
Let l = -11 + 16. Let y be (-20)/9 + (-2)/(-9). Let m = y + l. Let i(g) = g - 2. Calculate i(m).
1
Let j(h) be the first derivative of 4 - 1/3*h**3 + 2*h - 1/2*h**2. Suppose -3*g + 5*a = -0*g + 10, -2*a + 4 = 2*g. Give j(g).
2
Let p(q) be the first derivative of -q**3/3 - 3*q**2/2 + 7*q + 7. What is p(-5)?
-3
Let i(s) = -s + 9. Let u(l) = 1. Let z(y) = i(y) - 6*u(y). Let k = -14 - -20. Suppose a - 3 = -k. Calculate z(a).
6
Let w(n) be the second derivative of n**4/12 - n**3 + n**2 - n. What is w(3)?
-7
Let l(u) = -u**3 - 5*u**2 - 3*u. Suppose 5*z = -r + 20, -4*z - 4*r - 2 + 18 = 0. Suppose z*i - 15 = -i. Suppose i = -4*k - 13. Determine l(k).
-4
Let c(u) = -u**2 + 4*u. Let p = -1 + 5. Let m be c(p). Let d(o) = -o + 3. Determine d(m).
3
Let u(g) = -g + 7. Let i be (-24)/(-156) + (-4)/26. Suppose 5*p = -i*p + 25. Give u(p).
2
Let g be 16/6 - 4/(-12). Let f(i) = 6 - 5*i + i**g + i**2 + 0*i + 5*i**2. Determine f(-7).
-8
Suppose 3*y + 15 = -4*n - 2, 0 = 5*y + 4*n + 31. Let b(p) = -3*p. Let r(g) = 5*g. Let l(w) = y*b(w) - 4*r(w). What is l(4)?
4
Let b be (-13 - -11)*(0 - 10/4). Let o(n) = 2*n - 3. Determine o(b).
7
Let c(j) be the first derivative of 0*j**2 + j + 1/3*j**3 + 1 - 1/4*j**4. Determine c(2).
-3
Let u(r) = r**2 + 7*r. Let b be 2/(-2) - (1 + -2). Suppose 2*g = o - b + 2, 3*o + 2*g + 30 = 0. What is u(o)?
8
Suppose -2*n - 28 = 2*n. Let d = n - 0. Let z(f) = -4*f - 11. Let r(v) = -6*v - 16. Let s(b) = d*z(b) + 5*r(b). Calculate s(-3).
3
Let j(d) = 2*d - 2*d + d - 1. Let i(k) = -k - 12. Let x be i(-7). Let s be (5/4)/(x/20). What is j(s)?
-6
Let j(o) = -5*o - 6*o + 3*o. Let y be (1 - 0)*3/3. Calculate j(y).
-8
Let l(r) be the third derivative of r**4/24 + r**3/3 + 22*r**2. Determine l(8).
10
Let t(q) = -q**2 - q. Let u(y) = 7*y**2 + 6*y. Let b(a) = -6*t(a) - u(a). What is b(-3)?
-9
Let q(f) = -f - 2*f**2 + 2*f**3 - f**3 + 3*f**3 + f**3. Suppose -2*h + 5*h = 5*b + 13, b = 3*h - 5. Let w = 1 + b. Give q(w).
-6
Let n(u) = -5 - 2*u + 1 - u - 3. What is n(-5)?
8
Let y = -17 - -2. Let b = y + 12. Let g(c) = c**2 + 5*c + 4. What is g(b)?
-2
Let u(a) = 2*a**2 + 5*a - 4. Let h = 7 - 7. Suppose -d - 2 - 2 = h. What is u(d)?
8
Let s(c) = 2*c**2 - 5*c - 1. Let f be (-3 + (-5)/(-2))/((-2)/16). Determine s(f).
11
Let v(n) = n**3 - 6*n**2 + 6*n + 5. Let z be 110/25 + (-3)/(-5). Suppose 20 = -c + z*t, -t = -2*c - 3 - 1. Let m = 5 - c. What is v(m)?
10
Let l(s) = -s**3 + 4*s**2 + 2. Let u be (0 + -6)*6/(-12). What is l(u)?
11
Suppose 8 = -0*c - 4*c. Let h(n) = -n**3 - 2*n**2 + 2*n + 1. Determine h(c).
-3
Let o(y) = y**2 + 6*y - 3. Let w be o(-6). Let m(v) = -v**2 - 2*v + 2. What is m(w)?
-1
Let s(u) = u + 13. Let o = 14 - 14. What is s(o)?
13
Let r(d) = -8*d + 4*d**2 - 9 - 4 - 3*d**2. Let j(w) = -2*w**2 + 17*w + 27. Let k(p) = 6*j(p) + 13*r(p). Calculate k(5).
8
Let f(x) = x + 18 + 2 - 1. Determine f(0).
19
Let u(a) = 5*a**2 + 0*a**2 - 3 - 20*a + 19*a - a**3. Give u(3).
12
Let f be (7 - 8) + 2 + (1 - 0). Let s(d) = d**3 - 3*d**2 + 3*d - 2. Calculate s(f).
0
Let s(f) = f**2 - 5*f + 4. Let m be s(5). Let h be -5 + -2 + -1 + m. Let p(j) = j**2 - 1. Let n(g) = -4*g**2 + 4*g + 2. Let b(v) = n(v) + 5*p(v). Give b(h).
-3
Let b be ((-7)/2)/((-7)/(56/4)). Let q(s) = -s + 14. Determine q(b).
7
Let z(l) = l**2 + 3*l + 4. Suppose -4*w + k - 21 = -0*w, -25 = -5*k. Determine z(w).
8
Let b(y) = -8*y**3 - 26*y**2 - 21*y - 6. Let x(o) = 3*o**3 + 9*o**2 + 7*o + 2. Let v(g) = -4*b(g) - 11*x(g). Determine v(6).
8
Suppose w = 5, 3*w - 2*w = -2*u + 9. Let n = -6 + 8. Let s(q) = q**2 - 2 + 0*q + 2*q + 0*q**n + 0. Give s(u).
6
Let c = 0 + -1. Let a be (c - 1/(-1))/2. Suppose -4*p - 2*r + 6 = a, 3*p - 8*p + 9 = 3*r. Let o(f) = f**3 - 9. Calculate o(p).
-9
Let t(z) = -10*z**2 + z + 4*z**2 - 2 - z**3 + 7*z**2. Determine t(2).
-4
Let b(x) = -4*x**2 - 2*x + 2. Let h(q) = 5*q**2 + 3*q - 3. Let j be 16/2 - 16/8. Let g(o) = j*b(o) + 5*h(o). Give g(-3).
-3
Suppose 2 = k - 5*q, -2*q + 5 = -4*k - 5. Let y(l) = -2*l**2 - 3*l + 1. Give y(k).
-8
Suppose 0 = 4*g - 8 - 8. Let a(j) = j - g - j**2 - 2*j - 4*j. Let t = -9 + 4. What is a(t)?
-4
Let c(p) be the first derivative of p**2/2 + 4*p + 1. Let g = -5 - -2. Give c(g).
1
Let t(d) = -5*d. Let a be t(-1). Let z(j) = -1 - 2 - 1 + 3*j - a*j. Calculate z(-4).
4
Let o(k) = -k**3 - 7*k**2 + 3. Let i be o(-7). Let s(t) = -2*t - 2. Calculate s(i).
-8
Let y(b) be the second derivative of -5*b**3/6 - 8*b. What is y(1)?
-5
Let p(o) = -2*o + 5. Let j(q) = 3*q - 6. Let d(f) = 4*j(f) + 5*p(f). Determine d(-2).
-3
Let h(x) = 5*x**2 - x**2 + 0 + 1 - 5*x**2. Give h(1).
0
Let f(t) = 2*t. Suppose -7*o = o + 8. Calculate f(o).
-2
Suppose -y = -6*y - 25. Let c = y + -1. Let d(k) = k**2 + 7*k. Determine d(c).
-6
Suppose -3*s = 3*r - 3, -r + 0*r + 6 = 2*s. Suppose s = -2*n + n. Let b(p) = 0 + 4*p**2 - 7 + 0*p**3 + p**3 - 6*p. Give b(n).
-2
Let z be (-1)/((-6)/(-14) + (-12)/42). Let i(p) = p + 9. Calculate i(z).
2
Let g(y) be the second derivative of y**3/6 - y**2/2 + 4*y. Let c(b) = -11*b + 5. Let p(m) = -c(m) - 4*g(m). Give p(-1).
-8
Let m be 16/5 + (-4)/20. Let b(o) be the first derivative of o**4/2 + 4*o + 1. Let v(n) = n**3 + n**2 + 4. Let a(f) = 2*b(f) - 3*v(f). What is a(m)?
-4
Let z(i) be the first derivative of -i**3/3 + i**2 - 4*i - 3. Suppose -5*k = 2*m - 5, -2 = 2*m - k - k. Let h be (m - 6)*(-2)/4. What is z(h)?
-7
Let l(k) = 4*k + 3. Let o be -1 + (0/(-3) - 1). Determine l(o).
-5
Let x(c) = 4*c**2 + 4*c - 3. Let h(l) = l**2. Let j(d) = -5*h(d) + x(d). Determine j(3).
0
Let b be (2/6)/((-1)/(-9)). Let w(p) = 2*p**3 - p**2 - 6*p**2 - p**b - 5 + 7*p. Calculate w(6).
1
Let c(w) = -w - 10. Let i be 2/3 - 12/18. Let q = i + 0. Calculate c(q).
-10
Let w be 5 + (-2 - (8 + -5)). Let d(o) = 2*o - 6. Calculate d(w).
-6
Let b(c) be the third derivative of -1/60*c**5 + 6*c**2 + 0 + 0*c - 1/12*c**4 + 1/6*c**3. What is b(-2)?
1
Let s(l) = -l**3 - 6*l**2 + 7*l - 1. Let q(d) = d**2 + 2*d - 7. Let z be q(0). Determine s(z).
-1
Let f(x) = -3*x. Let c(m) = -6*m + 1. Let y(a) = -6*a + 1. Let g(w) = 3*c(w) - 4*y(w). Let k(t) = 5*f(t) + 3*g(t). Determine k(3).
6
Let h(n) = 0*n**3 - 4*n - 5*n**2 - 2*n**3 + 1 + n**3. Let i be 6/4*(4 - 2). Suppose -21 = i*f - 3*b, 2*f + 5*b + 7 = 21. Calculate h(f).
-5
Let n be 6 + 2*(-2)/4. Let j(l) be the third derivative of -1/60*l**5 - 2*l**2 + 0*l + 0 - 1/6*l**3 + 5/24*l**4. Determine j(n).
-1
Let m(l) = l**2 - 74*l**3 + 75*l**3 + 3*l - 5*l + l. What is m(-2)?
-2
Let o(k) be the third derivative of -k**6/120 + k**5/30 + 5*k**4/24 + 4*k**2. What is o(4)?
-12
Suppose -21 = -2*r - 11. Let t(c) = -c**2 + 6*c. Give t(r).
5
Let j(q) = -q**2 - 3*q + 7. Let y(a) = a**2 + 4*a - 8. Let i(c) = 6*j(c) + 7*y(c). Give i(-11).
-3
Let y(k) = k**3 + 10*k**2 + 13*k + 3. Let o(h) = -3*h**2 - 4*h - 1. Let n(p) = 7*o(p) + 2*y(p). Let i = 11 - 9. Calculate n(i).
7
Let l(o) = -2*o + 3. Let j(b) = -2*b + 2 + 3*b - 1 + b**3 + 3*b**2. Let k be j(-3). Let x be (2/(-5))/(k/20). Give l(x).
-5
Let z(c) = -c**2 - c + 15. Let s(u) = 5*u**2 +